In base 7, what is 3 - -12525?
12531
In base 10, what is 1413 - 5?
1408
In base 4, what is -20103 + -132?
-20301
In base 13, what is 11 + 7?
18
In base 4, what is 3221 - 122?
3033
In base 10, what is 107 - 1?
106
In base 12, what is 2 - -136b?
1371
In base 12, what is 8 - -130?
138
In base 15, what is 10 - 35?
-25
In base 12, what is 4 - -312?
316
In base 13, what is 4 + 31?
35
In base 11, what is 330 - -3?
333
In base 2, what is -1100000 + 1111?
-1010001
In base 12, what is -17 - 26?
-41
In base 16, what is -e75 + 3?
-e72
In base 12, what is a7 + 5?
b0
In base 12, what is -4 - 6b?
-73
In base 3, what is -12 - 11020?
-11102
In base 14, what is 35 - -11?
46
In base 4, what is -3 - 1?
-10
In base 14, what is 202 - 3?
1dd
In base 10, what is 1029 + 0?
1029
In base 6, what is 30 + -21?
5
In base 16, what is -fc - 33?
-12f
In base 9, what is 117 + 10?
127
In base 15, what is -3 - -48?
45
In base 11, what is -5 + 390?
386
In base 4, what is 3 - -20311?
20320
In base 13, what is 8cc - -3?
902
In base 12, what is -278 - -4?
-274
In base 5, what is -4 - -1104?
1100
In base 13, what is 432 - 4?
42b
In base 5, what is 23 + -31?
-3
In base 7, what is 10 - 113?
-103
In base 13, what is a2 + 0?
a2
In base 14, what is 2 - 128?
-126
In base 7, what is -12 + 226?
214
In base 16, what is 2dd + -1?
2dc
In base 7, what is 14332 + 1?
14333
In base 9, what is 1121 - -5?
1126
In base 13, what is 0 - c?
-c
In base 6, what is 153 + 0?
153
In base 15, what is -2a0 + 2?
-29d
In base 2, what is 10 - -100000111001?
100000111011
In base 9, what is -7 + 20?
12
In base 4, what is -11 + -2232?
-2303
In base 3, what is 12 - -2121112?
2121201
In base 9, what is -14 + 1450?
1435
In base 4, what is -123 - 122?
-311
In base 15, what is -7 + -a?
-12
In base 4, what is 11312 - -1?
11313
In base 14, what is -3 + -90c?
-911
In base 6, what is 1120 - -12?
1132
In base 2, what is -1000011010 - 1001?
-1000100011
In base 14, what is 3c98 - -4?
3c9c
In base 14, what is 2 - 53?
-51
In base 4, what is -330 - -3?
-321
In base 6, what is 35 + 2?
41
In base 6, what is 2 - 145?
-143
In base 4, what is 31 - 1220?
-1123
In base 4, what is 133300 - 0?
133300
In base 10, what is -3 - -4?
1
In base 14, what is -3 - 39?
-3c
In base 7, what is 12 + 25?
40
In base 8, what is 167 - -12?
201
In base 10, what is 132 - -74?
206
In base 10, what is 4 + 2329?
2333
In base 3, what is -1022 - 11?
-1110
In base 11, what is -326 + -26?
-351
In base 15, what is adb - 1?
ada
In base 16, what is 1 + 5f5?
5f6
In base 2, what is 100010 + -10001000?
-1100110
In base 6, what is 2 - -20511?
20513
In base 6, what is -34 - 0?
-34
In base 2, what is -1 + 1110000?
1101111
In base 9, what is -10 + -2?
-12
In base 13, what is -c + 1a?
b
In base 13, what is -81 + -2c?
-b0
In base 15, what is 213 - -4?
217
In base 3, what is 11 - -11101?
11112
In base 13, what is -38 + c?
-29
In base 6, what is 2134 + 5?
2143
In base 10, what is 3 - 66?
-63
In base 9, what is 3 - 575?
-572
In base 10, what is -7 - 34?
-41
In base 12, what is -a6 - 3?
-a9
In base 9, what is -1744 - -1?
-1743
In base 4, what is 221003 + -11?
220332
In base 2, what is 110100 - -100110100?
101101000
In base 10, what is 7 - -258?
265
In base 4, what is 3 + 10120?
10123
In base 5, what is 2 + -221?
-214
In base 5, what is 10 + 302?
312
In base 10, what is -223 - -2?
-221
In base 5, what is 11 - -212?
223
In base 14, what is 211 - 3?
20c
In base 4, what is 2 - -11?
13
In base 13, what is -126 + 10?
-116
In base 12, what is -b7 - 2?
-b9
In base 13, what is 7 - 49?
-42
In base 15, what is -4 - -3e?
3a
In base 9, what is 15645 - 5?
15640
In base 5, what is 41 - 14?
22
In base 11, what is 57 + 548?
5a4
In base 12, what is -5 + -1a2?
-1a7
In base 2, what is -10 + 101101?
101011
In base 9, what is 20 + 5?
25
In base 5, what is 23404 - 4?
23400
In base 15, what is -17 + 4?
-13
In base 10, what is -1 - 66?
-67
In base 8, what is -135 - 0?
-135
In base 9, what is 2 - 18?
-16
In base 11, what is 347 - 1?
346
In base 9, what is 7 - -218?
226
In base 14, what is b - -104?
111
In base 9, what is 27 - 20?
7
In base 7, what is 5 - -34003?
34011
In base 16, what is 1 + 23?
24
In base 8, what is -4 + -2114?
-2120
In base 13, what is 12c + -44?
b8
In base 10, what is 12 - 12?
0
In base 4, what is -110233 - 2?
-110301
In base 14, what is a7 - -6?
ad
In base 6, what is -30 - 1?
-31
In base 16, what is -66 - 3?
-69
In base 3, what is 1102 + 2?
1111
In base 3, what is 0 + 1022100?
1022100
In base 6, what is 0 - -23?
23
In base 7, what is 1 + 1242?
1243
In base 2, what is -10110000 - 1?
-10110001
In base 2, what is -101 - 1110000?
-1110101
In base 4, what is -23333 - 0?
-23333
In base 5, what is 3 - -400?
403
In base 6, what is 1 - 1004?
-1003
In base 8, what is -533 + 5?
-526
In base 10, what is -4050 + -2?
-4052
In base 14, what is -c424 - 3?
-c427
In base 11, what is -13032 - 5?
-13037
In base 16, what is 6c + 3?
6f
In base 14, what is 293 + -4?
28d
In base 15, what is -d + b14?
b06
In base 14, what is -40 + 4?
-3a
In base 14, what is 2 - 22?
-20
In base 2, what is -1011 - -10?
-1001
In base 13, what is -8 + bb7?
bac
In base 16, what is 4 + 72?
76
In base 14, what is b + -4?
7
In base 8, what is 4 - 1664?
-1660
In base 11, what is 1a3 + -63?
140
In base 7, what is -2 + -145?
-150
In base 3, what is -100211202 - 1?
-100211210
In base 7, what is -51 - 21?
-102
In base 4, what is 1320 + 11?
1331
In base 15, what is -834 - 5?
-839
In base 4, what is -22 + -200?
-222
In base 14, what is -82 - -1?
-81
In base 5, what is -11201 - 10?
-11211
In base 8, what is 1 + -316?
-315
In base 7, what is 2 + 2146?
2151
In base 13, what is -2 - 15?
-17
In base 4, what is 3 + 13201?
13210
In base 3, what is 101011 + -111?
100200
In base 16, what is 1c + 1?
1d
In base 11, what is 0 + -41?
-41
In base 10, what is -15 + -4?
-19
In base 3, what is 1001 - -22?
1100
In base 6, what is -4 - 14401?
-14405
In base 7, what is 433 + -63?
340
In base 4, what is 2 - 112011?
-112003
In base 4, what is -1100 + -3?
-1103
In base 2, what is -100001110 + 1010?
-100000100
In base 5, what is -10013 - -10?
-10003
In base 4, what is -11 + -313?
-330
In base 7, what is -10543 + -2?
-10545
In base 5, what is 1 + -24?
-23
In base 7, what is 40 - 4?
33
In base 5, what is 32343 + -10?
32333
In base 11, what is 171 + 104?
275
In base 3, what is 11 - -2200?
2211
In base 8, what is 1 - -145?
146
In base 9, what is 645 - 3?
642
In base 12, what is -111 - 2?
-113
In base 7, what is 5 - 1534?
-1526
In base 2, what is -101 - 1000111011?
-1001000000
In base 11, what is -704 + 14?
-6a0
In base 7, what is 265 + 40?
335
In base 14, what is 4b - 2?
49
In base 12, what is 14 + 20?
34
In base 6, what is -20 + 44?
24
In base 5, what is -120 + 4?
-111
In base 7, what is 242 - 3?
236
In base 16, what is -ed + -1?
-ee
In base 11, what is 2 - 5?
-3
In base 16, what is 1b - 7?
14
In base 9, what is -5 + -556?
-562
In base 2, what is -1 + -1000011?
-1000100
In base 16, what is -e4 + -5?
-e9
In base 10, what is 0 - 527?
-527
In base 2, what is 0 + -1001111?
-1001111
In base 2, what is 11010010111 - 101?
11010010010
In base 6, what is 211 + 1?
212
In base 2, what is 1111110000 - -101?
1111110101
In base 15, what is 0 - -16d3?
16d3
In base 10, what is 4 - -3230?
3234
In base 13, what is 5 - -42?
47
In base 11, what is -241a + 5?
-2415
In base 3, what is 20120010 + 2?
20120012
In base 14, what is -4 - -31?
2b
In base 9, what is 2 + 8?
11
In base 16, what is -8 - -4?
-4
In base 16, what is 3 - 5e?
-5b
In base 11, what is -1037 - 3?
-103a
In base 6, what is 1 - 441?
-440
In base 4, what is 11 - 10?
1
In base 15, what is -14 + 6?
-d
In base 15, what is 5 + 611?
616
In base 14, what is -16c - -5?
-167
In base 5, what is 12 - -202?
214
In base 13, what is -387 - -3?
-384
In base 15, what is 53 - -1?
54
In base 2, what is 11 + -100001111111?
-100001111100
In base 7, what is -550 - 13?
-563
In base 3, what is -1201 - -121?
-1010
In base 8, what is -4 + -1043?
-1047
In base 15, what is -2eeb + 0?
-2eeb
In base 15, what is 0 + -100?
-100
In base 7, what is -5 + 1525?
1520
In base 5, what is 4013 - -3?
4021
In base 13, what is 50 - 6?
47
In base 5, what is 10 + -23302?
-23242
In base 5, what is -444 + 11?
-433
In base 2, what is 1100000 - -11?
1100011
In base 16, w